{"id":92,"date":"2020-07-30T22:16:43","date_gmt":"2020-07-30T22:16:43","guid":{"rendered":"https:\/\/roment.romaedu.org\/?page_id=92"},"modified":"2020-07-30T22:16:43","modified_gmt":"2020-07-30T22:16:43","slug":"karl-heinz-lolo-weiss","status":"publish","type":"page","link":"https:\/\/roment.net\/?page_id=92","title":{"rendered":"Karl-Heinz &#8222;Lolo&#8220; Wei\u00df"},"content":{"rendered":"\n<p><em>Karl-Heinz Wei\u00df ist schon vor mehreren Jahren gestorben. W\u00e4hrend der gemeinsamen Gedenkarbeit in Hamburg, komponierte der studierte Musiker, desses Familie w\u00e4hrend des Holocausts auf Generationen traumatisiert wurde dieses Lied. <\/em><\/p>\n\n\n\n<p><strong>&#8222;Wir wollen Leben&#8220;<\/strong><\/p>\n\n\n\n<p><em>Die Aufnahme entstand w\u00e4hrend der Er\u00f6ffnung der Ausstellung &#8222;In den Tod, geschickt. Deportationen von Juden, Roma und Sinti aus Hamburg 1940-1945&#8220;<\/em><\/p>\n\n\n\n<p>Alle Einnahmen gehen zu 100{8e3ead0fbb7b1598c0e49f60d394044b92d74dccc2847524bb61c399e86f7da4} an seine Familie zu der Kontakt besteht.<\/p>\n\n\n\n<p>Dieses ist das mir einzig Bekannte Lied welches ohne Bedenken auf allen Gedenkveranstaltungen f\u00fcr Roma und Sinti gespielt werden kann und sollte.<\/p>\n\n\n\n<h2 class=\"wp-block-heading\"><strong><a href=\"https:\/\/amzn.to\/31hHJnz\">Amazon<\/a>,\u00a0<a href=\"https:\/\/open.spotify.com\/album\/5sIlSsAwRer9CqfmmBmaqb\">Spotify<\/a>\u00a0<a href=\"https:\/\/www.deezer.com\/de\/album\/156923172\" class=\"broken_link\">Deezer<\/a>,\u00a0<a href=\"https:\/\/music.apple.com\/us\/album\/wir-wollen-leben-live-single\/1522696463\">iTunes<\/a>, Google Play, etc. available on all Plattforms<\/strong><\/h2>\n\n\n\n<figure class=\"wp-block-image size-large\"><img decoding=\"async\" src=\"https:\/\/roment.romaedu.org\/wp-content\/uploads\/2020\/08\/Unbenannt-1-1024x1024.jpg\" alt=\"\" class=\"wp-image-184\"\/><\/figure>\n\n\n\n<figure class=\"wp-block-embed-youtube wp-block-embed is-type-video is-provider-youtube wp-embed-aspect-16-9 wp-has-aspect-ratio\"><div class=\"wp-block-embed__wrapper\">\n<iframe loading=\"lazy\" title=\"Lolo Weiss &quot;Wir wollen leben&quot; (Rom Entertainment Network)\" width=\"680\" height=\"383\" src=\"https:\/\/www.youtube.com\/embed\/QRLMGm56IH8?feature=oembed\" frameborder=\"0\" allow=\"accelerometer; autoplay; encrypted-media; gyroscope; picture-in-picture\" allowfullscreen><\/iframe>\n<\/div><figcaption>Kurz Clip Lolo Wei\u00df &#8222;Wir wollen leben&#8220;<\/figcaption><\/figure>\n\n\n\n<h2 class=\"wp-block-heading\">Availability on Platforms<\/h2>\n\n\n\n<blockquote class=\"wp-block-quote\"><p>7 Digital, Amazon Music Unlimited, Amazon Prime Music, Anghami, Arvato, Aspiro, AWA, BMAT, Boomplay, Catchmedia, Claromusica \/ Xplore Music, Deezer, Eircom, Facebook, Google Play, Gracenote, Hitlab, Heart, Imimobile, Inprodicon, iTunes, KKBOX, MediaNet \/ MusicNet, Mixcloud, Mondia Media (T-Mobile, Vodafone, o2), Music Island, MusicBuyMail, Muzicall, Napster, Pandora, PhonoFile DK \/ Basepoint Media, PhonoNet, PlayNetwork, Qobuz, Real Networks Austria, RoviCorp, Saavn, Securycast, Shazam, Simfy, Slacker, SoundcloudGo, Spotify, Street Voice, Telus, Tencent Music, Tesla, Teta, Tidal, TikTok, TouchTunes, UMA, YouTube Music, Zvooq.<\/p><\/blockquote>\n\n\n\n<h2 class=\"wp-block-heading\">Countries<\/h2>\n\n\n\n<figure class=\"wp-block-image size-large\"><img decoding=\"async\" loading=\"lazy\" width=\"573\" height=\"394\" src=\"https:\/\/roment.net\/wp-content\/uploads\/2020\/08\/laender.jpg\" alt=\"\" class=\"wp-image-177\" srcset=\"https:\/\/roment.net\/wp-content\/uploads\/2020\/08\/laender.jpg 573w, https:\/\/roment.net\/wp-content\/uploads\/2020\/08\/laender-300x206.jpg 300w\" sizes=\"(max-width: 573px) 100vw, 573px\" \/><\/figure>\n","protected":false},"excerpt":{"rendered":"<p>Karl-Heinz Wei\u00df ist schon vor mehreren Jahren gestorben. W\u00e4hrend der gemeinsamen Gedenkarbeit in Hamburg, komponierte der studierte Musiker, desses Familie [&hellip;]<\/p>\n","protected":false},"author":2,"featured_media":0,"parent":0,"menu_order":0,"comment_status":"closed","ping_status":"closed","template":"","meta":{"footnotes":""},"aioseo_notices":[],"_links":{"self":[{"href":"https:\/\/roment.net\/index.php?rest_route=\/wp\/v2\/pages\/92"}],"collection":[{"href":"https:\/\/roment.net\/index.php?rest_route=\/wp\/v2\/pages"}],"about":[{"href":"https:\/\/roment.net\/index.php?rest_route=\/wp\/v2\/types\/page"}],"author":[{"embeddable":true,"href":"https:\/\/roment.net\/index.php?rest_route=\/wp\/v2\/users\/2"}],"replies":[{"embeddable":true,"href":"https:\/\/roment.net\/index.php?rest_route=%2Fwp%2Fv2%2Fcomments&post=92"}],"version-history":[{"count":0,"href":"https:\/\/roment.net\/index.php?rest_route=\/wp\/v2\/pages\/92\/revisions"}],"wp:attachment":[{"href":"https:\/\/roment.net\/index.php?rest_route=%2Fwp%2Fv2%2Fmedia&parent=92"}],"curies":[{"name":"wp","href":"https:\/\/api.w.org\/{rel}","templated":true}]}}